 23. Let b be s(14). Let m = -96 - -52. Let a = b - m. Calculate the highest common divisor of a and 33.
11
Let r be 351/15 + (-14)/35. Let s = r - 25. Let b be (66/(-9) + s)*15/(-10). Calculate the highest common factor of b and 56.
14
Suppose 0 = -5*p + 7*d - 6*d + 2620, -4*d = 5*p - 2620. Calculate the greatest common factor of p and 4.
4
Suppose -2*m + 4*m - 5*a - 463 = 0, -a - 727 = -3*m. Let t = -224 + m. Calculate the highest common factor of t and 15.
5
Suppose 34*u + 29*u = 1994 - 104. What is the highest common divisor of 7970 and u?
10
Let h(y) = 7*y**2 + 14*y - 48. Let g be h(8). What is the greatest common factor of g and 656?
16
Let d = 5 + -4. Let o be (144*d)/((-2)/(-2)). Let g(v) = -v**2 + 28*v + 45. Let m be g(29). Calculate the greatest common divisor of o and m.
16
Let h = 1011 + -530. Suppose -15*r - 4*r = -1090 + 387. What is the greatest common divisor of r and h?
37
Let w(l) = l**2 + 4*l + 1. Suppose -27*r = -22*r + 25. Let d be w(r). Suppose 3*x - d*x + 957 = 0. Calculate the highest common divisor of x and 29.
29
Suppose 6188 + 850 = q - 4*z, -28092 = -4*q + 4*z. Calculate the highest common factor of 22 and q.
22
Let u = 2066 - 2050. What is the greatest common factor of u and 16?
16
Let w = -59 + -235. Let p = -268 - w. Calculate the greatest common divisor of 2 and p.
2
Let g = -6026 - -6065. Calculate the highest common divisor of g and 884.
13
Let r be 18025/125 + (6/(-5) - -1). Let l be 7830/r + (-3)/8. Calculate the highest common divisor of 45 and l.
9
Suppose -10*p + 475 + 405 = 0. Let h be p + (-3 - -3) + 3. Calculate the highest common divisor of h and 13.
13
Suppose 90*f - 164713 = -36*f + 226265. Calculate the greatest common divisor of f and 261.
29
Let b = 2449 - 2193. What is the highest common factor of b and 3456?
128
Let t = -170 - -82. Let z = t + 112. Suppose 11*y - 5*y = z. Calculate the greatest common factor of 52 and y.
4
Let g be (1*(0 + 21))/(31/(9114/63)). Calculate the greatest common divisor of g and 896.
14
Let t(q) be the first derivative of -9*q**4/2 - q**2 - 2*q + 74. Let k = 2 + -3. Let o be t(k). Calculate the greatest common factor of o and 162.
18
Let f = -103 - -117. Suppose 2*w + 14 = f. Suppose w = 9*z - 4*z - 30. Calculate the highest common divisor of 12 and z.
6
Suppose 91*a - 30 = 7068. What is the highest common divisor of 192 and a?
6
Suppose 0 = 3*s - 5*o - 3687, -5*s + 2*o + 470 = -5694. Suppose 4*z = p + s, -5*p - 659 = -3*z + 275. What is the highest common divisor of z and 28?
28
Suppose -r = 297 + 277 - 610. Calculate the highest common factor of r and 1608.
12
Let b(j) = j - 177. Let x be b(33). Let h = x + 252. Let m(s) = -13*s - 1. Let i be m(-1). Calculate the greatest common factor of h and i.
12
Suppose 0 = -3*w - 12*y + 14*y - 8, -3*w - 5*y = -20. Suppose 8 = 2*j - w*j - r, 2*j - 32 = -5*r. What is the greatest common factor of j and 42?
6
Let w be 0/(-2)*-4*3/(-12). Suppose -5*j - m + 121 = -54, w = -2*j - 4*m + 70. Suppose 9 = 4*t - j. Calculate the greatest common factor of 88 and t.
11
Let y = 253 + -249. Let d be (y + (-88)/(-20))/((-4)/(-150)). What is the greatest common factor of 35 and d?
35
Suppose -127*z - 92*z = -9482 - 4315. What is the highest common factor of z and 672?
21
Let v = -18 + 57. Let o be (-124)/6*(-24)/16 - 1. Let b = v - o. Calculate the highest common factor of b and 6.
3
Let o(w) = -4*w + 20. Let l be o(-4). Let a = 174 - l. Suppose -3*q - 2*q = -3*z - 143, 5*q - a = -2*z. What is the highest common factor of 168 and q?
28
Suppose 0 = 3*b - 25 + 7. Suppose -p + 4*x + 57 = 0, 42 = 3*p + x - 129. Calculate the greatest common divisor of b and p.
3
Suppose -h - 50 = -9*h - 2. Calculate the greatest common divisor of h and 178.
2
Let g(m) = -m**2 - 182*m - 2803. Let l be g(-97). What is the highest common factor of 18 and l?
6
Suppose 0 = 216*y - 116*y - 7200. Calculate the greatest common divisor of 51048 and y.
72
Let j = 1639 + -1628. Calculate the highest common factor of j and 2486.
11
Let d be -3 - -2 - (-2 - 107). Let i = 121 + -40. What is the greatest common divisor of d and i?
27
Let r(v) = v**3 - 5*v**2 + 5*v - 17. Let q be r(5). Let w be (-238)/(-3)*-1*(-24)/q. What is the greatest common factor of w and 34?
34
Let g = 744 + -742. Let n(q) = 0 + 4 + 13*q + 76*q. Let p be n(g). Calculate the highest common divisor of p and 26.
26
Let b be ((-189)/(-14))/((-10)/18600*-2). Calculate the highest common divisor of b and 620.
155
Let x be 130/52 + (-4)/(-32)*-4. Suppose 0 = -2*f + 3*f - 5. Suppose t = -f*y - 24, -3*t + 8*t - 5*y = 30. What is the greatest common factor of t and x?
1
Let z be (15 - -110)*33/5. Suppose -z = -427*u + 424*u. What is the highest common factor of u and 11?
11
Let t(k) = k**3 + 2*k**2 - 5*k + 3. Let o be t(5). Let v = 40791 - 40782. Calculate the highest common factor of v and o.
9
Let j = 381 + -378. Suppose 0 = -j*v - 12*x + 8*x + 138, -2*x - 106 = -2*v. What is the highest common factor of 70 and v?
10
Suppose 4539 - 27342 = -36*u + 43041. What is the greatest common factor of u and 496?
31
Let o = -24 + -20. Let m = -42 - o. Suppose -m*g - g = -15. Calculate the greatest common factor of g and 35.
5
Let l(y) = y**2 + 32*y + 364. Let u be l(-14). Calculate the highest common factor of u and 210.
14
Let v = -117 - -166. Suppose 0 = -5*n + 5*l - 40, 6*n - l = 3*n - 32. Let x be (-2)/((n/(-7))/(-6)). Calculate the greatest common divisor of v and x.
7
Suppose 95*h - 834 = -549. Calculate the greatest common factor of h and 3117.
3
Let u(y) = 44*y - 88. Let i be u(2). Suppose 0 = -3*w - 2*c + 1189, 2*w - 2*c = -i*c + 786. Calculate the highest common divisor of w and 5.
5
Let c = 287 - 218. What is the highest common factor of c and 3381?
69
Let l(i) = -i**3 - 433*i**2 + 1346*i + 16738. Let b be l(-436). Let g = 1 - -19. Calculate the greatest common factor of b and g.
10
Suppose 3*t = 1 + 8. Let q(l) = 3*l**2 - 7*l - 147. Let v be q(-6). What is the highest common factor of v and t?
3
Let o(i) = i + 7. Let q(l) = 540*l - 20. Let t(w) = -4*o(w) + q(w). Let g be t(2). Calculate the greatest common divisor of g and 32.
32
Let m(j) = 17*j**2 + 12*j + 27*j**2 + 5 + 21*j - 18*j. Let l be m(-4). What is the highest common factor of l and 11?
11
Suppose 7*a = -119 + 847. Let o = 713 - 479. Calculate the greatest common factor of a and o.
26
Suppose p - 3*p = 4*x + 356, 4*x - 3*p + 366 = 0. Let v be (-4)/18 + -2 + (-2900)/x. What is the greatest common factor of v and 45?
15
Let g = -46 - -66. Suppose 0 = -l - 531*x + 533*x + 214, x + 1097 = 5*l. Calculate the highest common factor of l and g.
20
Suppose -2*p + 16 = 4*f, 5*f - 7 = 5*p - p. Let y be -5 + 7 - (p/(-2))/1. Suppose -y*c + 309 = 45. Calculate the greatest common divisor of c and 11.
11
Let x be (-2 - (0 - 3)) + 800/5. Suppose x = 3*y + 119. What is the highest common divisor of y and 6?
2
Let b = -5601 + 5895. What is the greatest common divisor of b and 1519?
49
Let c(x) = x**2 - 13*x - 6. Let i be c(-5). Calculate the greatest common factor of 2604 and i.
84
Let a(n) = 29*n - 5*n**2 - 29*n - 4*n**3 + 4 + 2*n**3. Let v be a(-4). Calculate the greatest common divisor of v and 13.
13
Let h be -6 + (6 - 8) + 7. Let x be (-102)/((33/(-88))/(h/(-4))). What is the greatest common divisor of 4 and x?
4
Let g = 822 - 750. Let r(y) = 4*y - 12. Let m be r(-6). Let v be (-8)/m - (-480)/27. What is the highest common divisor of v and g?
18
Let p = 64 - 43. Suppose 4*d - 125 = -p. Let u be -1 + 86 - (-25 + d). Calculate the highest common factor of u and 14.
14
Suppose 3*d - 2 = -f + 2*d, 4*f - 16 = -2*d. Suppose u - 28 = -f*u. Calculate the highest common divisor of u and 84.
4
Suppose -3*q + 4*q - 26 = 5*y, 4*y + q = -19. Let r be 137 + y + 2/(-1). Calculate the highest common factor of r and 104.
26
Suppose -13 = 5*w - 68. Let t be 1 + 233/w + 30/(-165). What is the highest common divisor of 11 and t?
11
Suppose -2*j = 4*f - 8, -3*j - 3*f = f - 14. Let c(h) = -11 + j - 4 - 13*h. Let a be c(-2). What is the greatest common divisor of a and 136?
17
Let z be (-6)/(-87) - 7434/(-1624)*12. Suppose 0 = 4*l - 9*l + 25. Calculate the highest common factor of z and l.
5
Let j be (4 - 0) + 143/13. Let l be 0/(-7) + 555/1. Calculate the highest common factor of j 